35 is divided by 24.
15
What is the remainder when 303 is divided by 34?
31
What is the remainder when 514 is divided by 87?
79
What is the remainder when 783 is divided by 28?
27
Calculate the remainder when 3164 is divided by 451.
7
Calculate the remainder when 710 is divided by 186.
152
What is the remainder when 228 is divided by 21?
18
What is the remainder when 407 is divided by 10?
7
Calculate the remainder when 278 is divided by 101.
76
What is the remainder when 14 is divided by 5?
4
Calculate the remainder when 77 is divided by 6.
5
What is the remainder when 987 is divided by 109?
6
What is the remainder when 50 is divided by 26?
24
What is the remainder when 6577 is divided by 7?
4
Calculate the remainder when 713 is divided by 18.
11
What is the remainder when 335 is divided by 40?
15
What is the remainder when 61 is divided by 42?
19
Calculate the remainder when 382 is divided by 12.
10
Calculate the remainder when 520 is divided by 15.
10
What is the remainder when 3358 is divided by 60?
58
Calculate the remainder when 139 is divided by 138.
1
What is the remainder when 1477 is divided by 17?
15
What is the remainder when 550 is divided by 8?
6
What is the remainder when 850 is divided by 23?
22
Calculate the remainder when 1080 is divided by 1058.
22
What is the remainder when 1360 is divided by 195?
190
Calculate the remainder when 1577 is divided by 266.
247
What is the remainder when 748 is divided by 15?
13
What is the remainder when 484 is divided by 127?
103
What is the remainder when 537 is divided by 21?
12
Calculate the remainder when 8261 is divided by 34.
33
What is the remainder when 1245 is divided by 376?
117
What is the remainder when 241 is divided by 4?
1
What is the remainder when 372 is divided by 9?
3
What is the remainder when 1105 is divided by 539?
27
Calculate the remainder when 673 is divided by 27.
25
What is the remainder when 335 is divided by 71?
51
Calculate the remainder when 524 is divided by 147.
83
What is the remainder when 192 is divided by 133?
59
What is the remainder when 17157 is divided by 55?
52
Calculate the remainder when 48 is divided by 25.
23
Calculate the remainder when 238 is divided by 115.
8
Calculate the remainder when 398 is divided by 96.
14
What is the remainder when 151 is divided by 23?
13
Calculate the remainder when 25 is divided by 5.
0
What is the remainder when 1404 is divided by 8?
4
What is the remainder when 930 is divided by 77?
6
What is the remainder when 3144 is divided by 22?
20
Calculate the remainder when 10115 is divided by 67.
65
What is the remainder when 695 is divided by 4?
3
What is the remainder when 18 is divided by 14?
4
What is the remainder when 16454 is divided by 13?
9
Calculate the remainder when 1597 is divided by 57.
1
Calculate the remainder when 279 is divided by 22.
15
What is the remainder when 374 is divided by 6?
2
What is the remainder when 147 is divided by 27?
12
Calculate the remainder when 223 is divided by 26.
15
Calculate the remainder when 1832 is divided by 41.
28
Calculate the remainder when 43 is divided by 40.
3
Calculate the remainder when 372 is divided by 119.
15
What is the remainder when 250 is divided by 24?
10
Calculate the remainder when 1268 is divided by 632.
4
Calculate the remainder when 752 is divided by 5.
2
Calculate the remainder when 303 is divided by 8.
7
What is the remainder when 542 is divided by 110?
102
Calculate the remainder when 703 is divided by 47.
45
What is the remainder when 341 is divided by 19?
18
What is the remainder when 420 is divided by 114?
78
What is the remainder when 21 is divided by 20?
1
What is the remainder when 49 is divided by 4?
1
What is the remainder when 125 is divided by 81?
44
Calculate the remainder when 501 is divided by 6.
3
What is the remainder when 92 is divided by 20?
12
Calculate the remainder when 1223 is divided by 35.
33
What is the remainder when 546 is divided by 93?
81
Calculate the remainder when 492 is divided by 33.
30
What is the remainder when 2862 is divided by 3?
0
What is the remainder when 97 is divided by 14?
13
Calculate the remainder when 7577 is divided by 31.
13
Calculate the remainder when 560 is divided by 114.
104
What is the remainder when 4444 is divided by 234?
232
What is the remainder when 1035 is divided by 497?
41
What is the remainder when 9567 is divided by 21?
12
Calculate the remainder when 966 is divided by 4.
2
What is the remainder when 53 is divided by 10?
3
What is the remainder when 3456 is divided by 77?
68
Calculate the remainder when 3292 is divided by 220.
212
What is the remainder when 175 is divided by 41?
11
Calculate the remainder when 4050 is divided by 21.
18
Calculate the remainder when 380 is divided by 10.
0
Calculate the remainder when 983 is divided by 43.
37
What is the remainder when 180 is divided by 46?
42
What is the remainder when 150 is divided by 13?
7
Calculate the remainder when 704 is divided by 25.
4
Calculate the remainder when 155 is divided by 78.
77
Calculate the remainder when 222 is divided by 40.
22
What is the remainder when 294 is divided by 58?
4
What is the remainder when 76 is divided by 10?
6
What is the remainder when 276 is divided by 47?
41
Calculate the remainder when 3327 is divided by 13.
12
Calculate the remainder when 530 is divided by 179.
172
Calculate the remainder when 18717 is divided by 195.
192
What is the remainder when 339 is divided by 58?
49
What is the remainder when 113 is divided by 22?
3
What is the remainder when 7019 is divided by 60?
59
Calculate the remainder when 731 is divided by 15.
11
What is the remainder when 602 is divided by 76?
70
What is the remainder when 7146 is divided by 26?
22
Calculate the remainder when 68 is divided by 20.
8
Calculate the remainder when 269 is divided by 13.
9
What is the remainder when 274 is divided by 120?
34
Calculate the remainder when 14 is divided by 7.
0
Calculate the remainder when 168 is divided by 29.
23
What is the remainder when 314 is divided by 54?
44
What is the remainder when 626 is divided by 183?
77
Calculate the remainder when 1542 is divided by 65.
47
Calculate the remainder when 1119 is divided by 162.
147
What is the remainder when 80 is divided by 23?
11
Calculate the remainder when 37 is divided by 18.
1
What is the remainder when 285 is divided by 80?
45
What is the remainder when 102 is divided by 90?
12
What is the remainder when 103 is divided by 17?
1
Calculate the remainder when 893 is divided by 14.
11
Calculate the remainder when 16 is divided by 4.
0
Calculate the remainder when 480 is divided by 61.
53
Calculate the remainder when 269 is divided by 168.
101
Calculate the remainder when 293 is divided by 62.
45
Calculate the remainder when 78 is divided by 29.
20
What is the remainder when 8765 is divided by 18?
17
Calculate the remainder when 666 is divided by 257.
152
What is the remainder when 187 is divided by 11?
0
What is the remainder when 55 is divided by 12?
7
What is the remainder when 127 is divided by 76?
51
Calculate the remainder when 295 is divided by 4.
3
What is the remainder when 822 is divided by 11?
8
Calculate the remainder when 157 is divided by 53.
51
Calculate the remainder when 809 is divided by 210.
179
Calculate the remainder when 37637 is divided by 27.
26
What is the remainder when 62 is divided by 13?
10
What is the remainder when 176 is divided by 71?
34
Calculate the remainder when 164 is divided by 33.
32
What is the remainder when 3748 is divided by 268?
264
Calculate the remainder when 3838 is divided by 24.
22
Calculate the remainder when 207 is divided by 55.
42
What is the remainder when 173 is divided by 59?
55
Calculate the remainder when 341 is divided by 15.
11
What is the remainder when 4486 is divided by 64?
6
What is the remainder when 3308 is divided by 11?
8
Calculate the remainder when 105 is divided by 63.
42
Calculate the remainder when 400 is divided by 27.
22
What is the remainder when 245 is divided by 111?
23
Calculate the remainder when 3309 is divided by 184.
181
Calculate the remainder when 32 is divided by 21.
11
Calculate the remainder when 287 is divided by 16.
15
What is the remainder when 10041 is divided by 162?
159
What is